 -2615 - 4?
-2621
In base 10, what is 280 + 6?
286
In base 6, what is -10111 + -5?
-10120
In base 5, what is 3 - 1344?
-1341
In base 11, what is 1 - 0?
1
In base 7, what is 23 - 12?
11
In base 13, what is -10 + 4?
-9
In base 11, what is 140 - -121?
261
In base 3, what is -202 - -122?
-10
In base 16, what is 2 + -4a2?
-4a0
In base 2, what is -10 - -10001011?
10001001
In base 14, what is b - 144?
-137
In base 11, what is 494 - -1?
495
In base 4, what is -21 - 21202?
-21223
In base 8, what is -255 - -4?
-251
In base 8, what is 2 - 3347?
-3345
In base 6, what is 4 - -1?
5
In base 15, what is -e8 - -2?
-e6
In base 7, what is -4 + 1226?
1222
In base 3, what is 1210202 + -12?
1210120
In base 13, what is c + 1?
10
In base 3, what is -10200011 + -1?
-10200012
In base 11, what is 0 + -16?
-16
In base 6, what is -5 - -3?
-2
In base 16, what is 1e0 + -5?
1db
In base 12, what is -1 - 71?
-72
In base 12, what is 118 - -3?
11b
In base 14, what is 1 + 991?
992
In base 8, what is -7 - 2?
-11
In base 10, what is 3 - 152?
-149
In base 12, what is 451 + 1?
452
In base 3, what is -1222202 - -10?
-1222122
In base 12, what is 20 - -125?
145
In base 3, what is -100020 + -21?
-100111
In base 7, what is -3 + -200?
-203
In base 6, what is -224 + 5?
-215
In base 3, what is -202020002 - -12?
-202012220
In base 12, what is 3 + -60?
-59
In base 6, what is -5 + 20025?
20020
In base 11, what is -213 + -5?
-218
In base 15, what is -c + -5?
-12
In base 8, what is 0 + 7?
7
In base 12, what is -a5 + -15?
-ba
In base 11, what is -3 + -490?
-493
In base 10, what is 5 + 146?
151
In base 5, what is -1 + -41?
-42
In base 4, what is 11 + -32012?
-32001
In base 2, what is 11101011100010 + -1?
11101011100001
In base 9, what is -4 - -41?
36
In base 10, what is 5 - 1315?
-1310
In base 9, what is 78 - -1?
80
In base 7, what is 42613 - 1?
42612
In base 3, what is 10 - -22?
102
In base 2, what is 1010010010111 + -101?
1010010010010
In base 15, what is 25e - -2d?
28c
In base 9, what is -20 - 23?
-43
In base 10, what is 3 - -57?
60
In base 15, what is 3 - -d5c?
d60
In base 5, what is 22 + -41?
-14
In base 12, what is 1972 - -4?
1976
In base 12, what is 142 - 36?
108
In base 11, what is 27 - 1?
26
In base 3, what is -1020 - -210?
-110
In base 10, what is 0 - 505?
-505
In base 15, what is 64 - -3d?
a2
In base 14, what is 10 - -3?
13
In base 6, what is -205 - -1?
-204
In base 11, what is -206 + 0?
-206
In base 14, what is 1 - -c9?
ca
In base 12, what is 4437 - -4?
443b
In base 15, what is 2 + -6d?
-6b
In base 3, what is -1010 + -11222?
-20002
In base 12, what is -404 + 1a?
-3a6
In base 11, what is -67 - 24?
-90
In base 2, what is 1010 - -1011001?
1100011
In base 4, what is 3 + 3023?
3032
In base 5, what is 130 + -1002?
-322
In base 7, what is -3560 + -11?
-3601
In base 13, what is 3 + -2c?
-29
In base 3, what is 11 + -1121?
-1110
In base 10, what is 4 - -47?
51
In base 14, what is -b3 + b?
-a6
In base 16, what is cf + -1?
ce
In base 10, what is 69 + 75?
144
In base 16, what is 307e + 3?
3081
In base 15, what is a5 + -3?
a2
In base 4, what is 10 + -23021?
-23011
In base 5, what is -2243 - -13?
-2230
In base 5, what is 2 + -433?
-431
In base 12, what is 4 + 39?
41
In base 13, what is -31 + 16?
-18
In base 4, what is 10230 + 0?
10230
In base 8, what is 253 - -1?
254
In base 2, what is -1101 + -10110111?
-11000100
In base 4, what is 3012 + -2?
3010
In base 8, what is 130 + 7?
137
In base 13, what is 242 + -3?
23c
In base 12, what is -330 - -2?
-32a
In base 15, what is -15 + 2e?
19
In base 6, what is 1451 - -4?
1455
In base 4, what is 31 + -1003?
-312
In base 10, what is -40 - -18?
-22
In base 15, what is c - -a?
17
In base 14, what is -5 - 141a?
-1421
In base 12, what is 4 - -113?
117
In base 8, what is -1 + -6557?
-6560
In base 6, what is -3 - 545?
-552
In base 5, what is 22234 + -13?
22221
In base 14, what is dd + 15?
114
In base 15, what is 163 + -c?
156
In base 9, what is 42 - 463?
-421
In base 10, what is 4 - 176?
-172
In base 7, what is 2 - 5?
-3
In base 7, what is -36 + -14?
-53
In base 9, what is -138 - -1?
-137
In base 6, what is 0 - 32122?
-32122
In base 15, what is 3 + 86?
89
In base 9, what is 4 - -287?
302
In base 6, what is -4115 + 3?
-4112
In base 14, what is -88 + -38?
-c2
In base 13, what is 5 - 2568?
-2563
In base 7, what is -6 + -3606?
-3615
In base 7, what is -6653 + -1?
-6654
In base 15, what is 9 + 3?
c
In base 4, what is -3 - 320?
-323
In base 2, what is -100 - -11?
-1
In base 7, what is 0 - -414?
414
In base 15, what is -9b + -5?
-a1
In base 5, what is 2203 + 2?
2210
In base 12, what is -4 + -b1?
-b5
In base 11, what is -1 + -1a2?
-1a3
In base 8, what is -63 + -13?
-76
In base 4, what is 23312 - 3?
23303
In base 8, what is -5 + 626?
621
In base 3, what is -12021 + 111?
-11210
In base 5, what is 12320 - 4?
12311
In base 13, what is 12c + -99?
63
In base 15, what is 1 + -735?
-734
In base 15, what is 5 + -88?
-83
In base 14, what is 137 - 4?
133
In base 9, what is -7 - 23?
-31
In base 16, what is -9b9f + 2?
-9b9d
In base 8, what is -1 - 151?
-152
In base 4, what is 2 + -10210?
-10202
In base 6, what is -2204 - 0?
-2204
In base 12, what is 2963 + 0?
2963
In base 11, what is 254 - -4?
258
In base 9, what is -242 - 2?
-244
In base 4, what is 113 - -1120?
1233
In base 12, what is 4 - 137?
-133
In base 12, what is 2 - -46?
48
In base 8, what is 2370 - 2?
2366
In base 7, what is -1232 + 15?
-1214
In base 4, what is -110110 + 11?
-110033
In base 13, what is -11 - 14?
-25
In base 4, what is -10 + 2202?
2132
In base 13, what is 1a + -154?
-137
In base 2, what is -11111111 - 110?
-100000101
In base 11, what is 1363 - -2?
1365
In base 12, what is 500 - 7?
4b5
In base 4, what is -10 + 103?
33
In base 7, what is -3104 + -5?
-3112
In base 13, what is -256 - 1?
-257
In base 2, what is -1100 - -10111?
1011
In base 12, what is -3b2 + -11?
-403
In base 4, what is -22110 + 31?
-22013
In base 11, what is 51 - -2?
53
In base 12, what is 1 - 18?
-17
In base 11, what is -5 - 549?
-553
In base 14, what is -13 + -3c?
-51
In base 13, what is -2 - -11a3?
11a1
In base 9, what is 507 - -1?
508
In base 9, what is -3676 - 4?
-3681
In base 2, what is 11111 + 1001101?
1101100
In base 3, what is -10210 - -2?
-10201
In base 4, what is 320 - -3?
323
In base 16, what is 1a1 - -3?
1a4
In base 8, what is 14240 - 1?
14237
In base 13, what is 124 + 8?
12c
In base 2, what is -10110010000001 - 101?
-10110010000110
In base 7, what is -26 + -24?
-53
In base 11, what is -a21 + -1?
-a22
In base 7, what is 513 + 2?
515
In base 8, what is -131 - 1?
-132
In base 12, what is 6 - 12?
-8
In base 8, what is -2 + -1205?
-1207
In base 16, what is -3 + -19?
-1c
In base 13, what is 89 - -30?
b9
In base 10, what is 11 + -96?
-85
In base 14, what is 63 + 5?
68
In base 5, what is 21 + -3220?
-3144
In base 16, what is 400d + 3?
4010
In base 15, what is -21c + 2?
-21a
In base 16, what is 0 + -15?
-15
In base 4, what is 0 + 130?
130
In base 4, what is 101 - -13?
120
In base 11, what is -1 - -4?
3
In base 11, what is 205 - 28?
188
In base 6, what is 505 + -3?
502
In base 11, what is -48 - 4?
-51
In base 16, what is b4 - -8?
bc
In base 5, what is 10304 - 0?
10304
In base 13, what is -221 - -1?
-220
In base 10, what is 3 + 131?
134
In base 14, what is -1044 + 5?
-103d
In base 14, what is b + -96?
-89
In base 9, what is -13 - 1408?
-1422
In base 13, what is -5 + -c1?
-c6
In base 8, what is 6 + -1210?
-1202
In base 9, what is 0 - -1017?
1017
In base 14, what is 14 + -5?
d
In base 4, what is 2 - 1021?
-1013
In base 8, what is -122 + 0?
-122
In base 10, what is -3 + 4?
1
In base 10, what is -23 - -1?
-22
In base 12, what is 416 + 33?
449
In base 9, what is -5 + -4421?
-4426
In base 3, what is 0 - 10?
-10
In base 4, what is -12 + 11222?
11210
In base 2, what is 11111010 - -1101?
100000111
In base 11, what is 1 - -96?
97
In base 11, what is 3a + -45?
-6
In base 11, what is -5 + -1206?
-1210
In base 4, what is -1131 - 3?
-1200
In base 4, what is -11 + -1030?
-1101
In base 13, what is 4 + -15b?
-157
In base 10, what is 21 - 116?
-95
In base 9, what is -210 - 3?
-213
In base 8, what is -2 - 2746?
-2750
In base 2, what is -101011100 + 0?
-101011100
In base 8, what is -545 - 4?
-551
In base 9, what is 6 - 610?
-603
In base 10, what is 199 + -3?
196
In